n(r) = -2*r + 42. Let j be n(19). Let h be 182/13 + j/1. Suppose -42 = 15*u - h*u. What is the highest common factor of u and 56?
14
Suppose 0*s + 11 = v - 2*s, -2*v + 15 = 3*s. Let z(o) = 22*o - 62. Let g be z(v). Calculate the highest common divisor of 51 and g.
17
Let i(t) = -t**3 - 18*t**2 - 16*t + 30. Let n(q) = q**2 + 3*q - 27. Let g be n(-5). Let y be i(g). What is the greatest common divisor of y and 104?
13
Suppose 0 = g - 1, 6*g - 61866 = -5*x + 10*g. What is the greatest common factor of 46 and x?
46
Let p(z) = 5*z - 26. Let c be p(5). Let m be (-1 - 0)*(c - -2). Let f = m - -7. What is the highest common divisor of 42 and f?
6
Let s be ((-4)/5)/((-11)/(330/(-12))). Let l be s/4 + (-488)/(-16). Calculate the greatest common divisor of 24 and l.
6
Suppose d + q = 324, 3*d + 7*q - 967 = 3*q. Let y = d + -327. What is the greatest common factor of y and 200?
2
Let v = 451879 - 451867. Let k(b) be the first derivative of 23*b**2/2 - 6*b + 1. Let g be k(6). What is the greatest common divisor of v and g?
12
Let d = -374 - -703. Suppose 0 = 2*f + 6, -3*f - d = -0*c - 4*c. What is the greatest common factor of c and 5?
5
Let t be -18*(-2)/(-2 - -4). Let i(p) = -p**3 - 21*p**2 - 39*p - 48. Let s be i(-20). Let d = s - 206. What is the greatest common factor of d and t?
18
Let m = 6 + 89. Suppose 1560 = -91*t + m*t. Calculate the highest common factor of t and 65.
65
Let o(p) = 2*p**3 - 114*p**2 - 115*p + 170. Let s be o(58). Calculate the highest common divisor of 608 and s.
76
Suppose 6*x = 3*x + 1035. Let w be 5/(-1) + (-8 - (-5 - 23)). What is the greatest common factor of x and w?
15
Let q = -20 - -42. Suppose -2*l + l + q = 0. Let z(f) = -f**3 + 104*f**2 + 68*f - 7050. Let y be z(104). What is the greatest common factor of y and l?
22
Let q be -4 + -1 - (4 + -13). Suppose 3*y + 4*a - 713 = 0, 745 = 38*y - 35*y - q*a. What is the highest common factor of y and 27?
27
Suppose 0 = 123*n - 10689 - 8991. Calculate the greatest common factor of 6 and n.
2
Let g = 52 + -18. Suppose -33*q - 216 = -g*q. Suppose -16 = 5*k - q. Calculate the greatest common factor of 8 and k.
8
Suppose 9*d + 111 = 552. Suppose -3*k + 18 = -2*p, 3*k - 4*p + 12 = 5*k. Suppose 14 = 2*s - z + k*z, 5*z = 0. Calculate the highest common factor of d and s.
7
Suppose 3757*n - 3738*n = 228. Calculate the greatest common divisor of n and 4404.
12
Let q be 111 + (7 + -5 - -3). Let h = q - 90. Calculate the highest common factor of h and 325.
13
Let g(u) be the first derivative of 3*u**2/2 - 9*u - 21. Let z be g(-3). Let h be (z/4)/((-7)/((-3584)/(-12))). Calculate the highest common factor of h and 24.
24
Let y(t) = -t**3 + 7*t**2 - 3*t - 14. Let u be y(6). Suppose -284 = -u*d + 5*s, 1 = -s - 3. What is the highest common divisor of 363 and d?
33
Let m(x) = -x**3 - 9*x**2 + 14*x + 17. Let v be m(-11). Suppose -15 = v*o - 110*o. Let g be 2/(8/84*o). What is the greatest common divisor of 91 and g?
7
Let k = -54 - -56. Suppose -g = 34 + k. Let q = 54 + g. Calculate the greatest common factor of 2 and q.
2
Let i = 2 + 4. Let r be (32 - i) + 6/(3*-1). Let p(o) = -o**3 - 12*o**2 - 16*o. Let n be p(-12). What is the highest common factor of n and r?
24
Suppose -h - 17*o + 75 = -11*o, 4*h + 5*o = 395. What is the highest common factor of 595 and h?
35
Let y = 645 + -600. Calculate the highest common factor of y and 63.
9
Let l(j) = 2*j**3 - 12*j**2 + 6*j + 16. Let c be l(7). Suppose 204 = 8*q - c. Calculate the highest common divisor of q and 120.
15
Suppose 4*g = 2827 - 2363. What is the greatest common divisor of 1711 and g?
29
Suppose 14*v = 5*z + 9*v - 13830, 4*v = -z + 2736. Calculate the greatest common factor of z and 322.
46
Suppose -1657 = -4*v - 5*a + 67, -5*v + a = -2126. Calculate the greatest common factor of 54 and v.
6
Suppose 7*y + 21 = 371. Let m = -40 - -31. Let i = m + 19. What is the highest common factor of i and y?
10
Let l = 10107 + -10099. Calculate the greatest common factor of 6184 and l.
8
Let x(o) = 12*o**3 + 410*o**2 + 64*o - 13. Let k be x(-34). What is the highest common factor of 12587 and k?
41
Suppose 0 = -3*v - 6*y + 3*y + 1014, v = -4*y + 344. Suppose 0 = 10*d - 324 - v. What is the highest common factor of d and 429?
33
Suppose 2*d - 7*d = 5. Let a(w) = 0*w - w + 13*w + 2*w**2 + 1 - 9*w - w - 131*w**3. Let q be a(d). Calculate the greatest common factor of q and 12.
12
Let i = 5670 + -5634. Calculate the highest common divisor of i and 1056.
12
Let g be 7*1*(-2 + 7). Suppose -u + 3*k - 120 - 375 = 0, 0 = 3*u + 2*k + 1540. Let c = u - -685. Calculate the greatest common divisor of c and g.
35
Suppose -28*q + 194 = -2746. Suppose -9*h + q = -21. Calculate the highest common factor of h and 2.
2
Suppose -5*k + 2*a + 3906 = 0, k + 2*a + 3*a - 765 = 0. Suppose 0 = 3*l + 2*l - k. Let r be 2/3*l/8. Calculate the greatest common factor of r and 91.
13
Let y(g) = -611*g + 2451. Let i be y(4). Let q = 110 - 44. Suppose -4*k = 4*c - 244, -k - q = -c - 3*k. What is the greatest common factor of c and i?
7
Let g(q) = -4*q + 12. Let t be g(3). Suppose t = -13*y + 20*y - 224. Calculate the highest common divisor of y and 40.
8
Let o(g) = -127*g + 4. Let v be o(-1). Let u = -128 + v. What is the greatest common factor of u and 48?
3
Let i(c) = 9*c**2 + 911*c + 1816. Let t be i(-2). Suppose 3*k - 368 = 4*a, 6*k - 488 = 2*k + 4*a. Calculate the greatest common divisor of k and t.
30
Suppose 58*t - 10*t = 21300 - 5028. What is the greatest common divisor of 452 and t?
113
Let i = 325 - 317. Suppose 5*h - 15 = x, i*h = 4*h - x + 3. Calculate the greatest common factor of h and 18.
2
Let k be 392/245*(-1 + -4). Let s be (k/(-64) - (-33)/(-8)) + 12. Calculate the highest common factor of s and 8.
8
Let c(o) = -132*o - 1152. Let w be c(-9). Calculate the greatest common divisor of w and 5568.
12
Let n = 5498 + -5388. Calculate the greatest common divisor of n and 170.
10
Let x be (-134)/(-6) - (-1)/(-3). Let a be (-65)/39 - 5/(-3). Suppose 112 = 2*g - 4*s, a*g - 310 = -5*g + 4*s. Calculate the greatest common factor of g and x.
22
Suppose 0 = i + 8, -2*j - 16*i = -9*i - 244. What is the greatest common divisor of j and 1134?
6
Let r = -1844 - -3179. Suppose -14*d = -r + 495. What is the greatest common factor of 12 and d?
12
Let h be ((-243)/486)/(1/(-4202)). Calculate the highest common factor of 22 and h.
11
Let w(h) = 3*h**3 - 57*h**2 + 23*h - 12. Let j be w(24). What is the highest common factor of 120 and j?
60
Suppose -187 = -p - b, -14*p + 11*p + 561 = -5*b. Let z = -66 + 88. What is the greatest common divisor of z and p?
11
Let b(i) = -2*i**2 + 46*i + 2430. Let p be b(0). Calculate the greatest common divisor of 10 and p.
10
Suppose 0 = 2*l + 3*h - 37, 0*l - 4*l + 64 = 4*h. Let f(m) = -m**2 + 16*m - 47. Let t be f(l). Calculate the highest common divisor of 80 and t.
8
Let w(g) = -4*g**3 + 35*g**2 - 12*g - 84. Let j be w(8). Let v(z) = z**3 - 3*z**2 - 3*z + 4. Let b be v(4). Calculate the greatest common factor of b and j.
4
Let w(k) = -3*k**2 - 4*k - 3. Let s be w(5). Let n = 103 + s. Suppose -3*h + 10 = n*b - 3*b, -h + 10 = -b. What is the highest common divisor of 30 and h?
6
Let a be (2*(-2)/8)/((-13)/208). Let c(k) = -k**2 + 19*k - 78. Let p be c(a). What is the greatest common divisor of 15 and p?
5
Let v = 29531 - 29237. What is the highest common divisor of v and 3038?
98
Suppose 0 = -2*r + 2*w + 48568, -7*r + 22*w = 19*w - 170004. What is the greatest common factor of 184 and r?
184
Let h be ((-2)/(-2) - -5) + 0. Let k be (352/(-40))/(-11) + (-62)/(-10). Suppose 284 = k*c + 32. Calculate the greatest common divisor of h and c.
6
Let k = -9126 - -9156. Calculate the highest common divisor of 2472 and k.
6
Suppose 14*y = -3*y + 136. Suppose y*s - 356 = 676. Let i be (-518)/(-6) + 1/(-3). Calculate the highest common divisor of s and i.
43
Suppose 0 = -20*w + 17*w + 1641. Suppose 6*m - 53 = w. Calculate the highest common divisor of m and 50.
50
Let v(m) = 56*m**3 - 8*m**2 + 3*m + 35. Let a be v(4). Calculate the highest common divisor of a and 93.
31
Let c(s) = s**2 + 23*s - 73. Let t be c(-26). Suppose 4*z - v + 30 - 171 = 0, t*z = v + 177. Calculate the greatest common factor of 81 and z.
9
Suppose -18*c - 400 = -16*c. Let b = c + 222. What is 